).
3
Let d(b) = 6*b**2 + 5*b - 3. Let n be (14/(-4))/(399/228). Calculate d(n).
11
Let i(n) = n**2 - 4. Suppose t + 6 = 4*t. Suppose -o - 4 = -3*k, -2*o = -0*k - 4*k + 2. Suppose -t*j + o = -1. Calculate i(j).
5
Let x(q) = 40226*q - 113 + q**2 - 40286*q + 453. Calculate x(6).
16
Let h be (6/18)/((-1)/(-267)). Let l(d) = 46*d + 2*d**3 - h*d + 44*d + d**2 - 1. Give l(1).
3
Let u(f) = -4*f. Suppose -44 = -6*g - 20. Suppose -3*o = 2*h - 17, -g = -h + o - 3. Calculate u(h).
-16
Let b(t) = -85*t + 7654. Let q be b(90). Let c(m) = 24*m - 1. Give c(q).
95
Let l(f) be the first derivative of f**4 - 2*f**2 - 2*f - 3078. What is l(-1)?
-2
Let j(q) = -3*q + 26*q - 28333739 - q**2 + 28333695. Calculate j(19).
32
Let w = 2214 + -2210. Let m(z) = 3*z**2 - 4*z + 5. Let c(x) = -x**2 - 1. Let d(y) = 2*c(y) + m(y). Give d(w).
3
Let f(n) = -10. Let o(q) = q - 13. Let h(x) = 3*f(x) - 3*o(x). Determine h(9).
-18
Suppose -4*r + 424 = 2*f - 2*r, 3*f = -4*r + 632. Let j = -211 + f. Let x(p) = -5*p - 6. What is x(j)?
-31
Let w(u) = 7*u**2 - 4339 - 9*u**2 + 2*u**3 + 4366 + 28*u**2 + 26*u. What is w(-12)?
3
Let j(k) be the third derivative of k**4/8 - 4*k**3/3 + 5*k**2. Let g(f) = f + 10. Let x be g(-6). Determine j(x).
4
Let m(b) = -2*b**2 - 4*b - 4. Let p(n) = -2*n**2 - 9*n - 9. Let d(i) = i**2 + 5*i + 5. Let h(l) = -5*d(l) - 3*p(l). Let s(f) = -7*h(f) - 4*m(f). Determine s(3).
17
Let i(x) = 64*x. Suppose 7*q - 10*q + 13 = 5*m, q = 4*m - 7. Calculate i(q).
64
Let b(a) be the second derivative of -a**4/12 - 5*a**3/6 + 11*a**2/2 - 6791*a. Calculate b(-5).
11
Let w(z) = -136*z + 241. Let s(j) = -87*j + 160. Let f(o) = -11*s(o) + 7*w(o). Give f(14).
-3
Let o = 413 + -408. Let c be 4/14 - (o - 180/(-42)). Let w(y) = -y**3 - 9*y**2 - 6. Give w(c).
-6
Let i(x) be the third derivative of x**5/60 - 25*x**4/24 + 137*x**3/6 - 2*x**2 - 5*x. What is i(17)?
1
Let d(c) = -21*c**3 - 2*c**2 - 8*c - 6. Suppose -2087*i + 136 = -2223*i. What is d(i)?
21
Let n(s) = -s - 3. Let u be 8/6 + (-4)/(-6). Let a = -723 + 717. Let m = a - u. What is n(m)?
5
Let m(i) be the third derivative of -i**5/20 + i**4/6 + 2*i**3/3 + 250*i**2. Determine m(-1).
-3
Suppose 333*i = 183*i - 1375 - 125. Let n(c) = -c**2 - 5*c + 18. What is n(i)?
-32
Let r(c) be the second derivative of -c**4/3 + c**3/3 + 3*c**2/2 - c - 74. Let p(b) = -b**2 - b - 1. Let y(x) = -3*p(x) - r(x). Calculate y(-1).
6
Let b(d) = -d**2 + 11*d + 11. Let i(u) = 2*u**2 - 2*u - 12. Let g(f) = -f - 37. Let o be g(-34). Let m be i(o). Determine b(m).
-1
Let z(n) = 3*n - 11. Suppose -55*u - 705 = 86*u. Determine z(u).
-26
Let c(r) = r**3 - 3*r**2 - 249*r + 1577. Let q be c(7). Let x(b) = b**3 - 28*b**2 - 57*b - 76. Give x(q).
14
Let c(t) = -t**3 - 7*t**2 - 7. Let h = 292 - 276. Suppose -h*i - 77 = -5*i. Calculate c(i).
-7
Let o(b) = b. Suppose -5*x = -6*x + 6. Let r be o(x). Let n(v) = 1 + 28*v - 24*v - r*v + v**3 + v**2. What is n(1)?
1
Let v(k) = -3*k**3 + k**2 + k + 1. Suppose u - 3*b = -4*b + 192, 0 = u - 5*b - 174. Let y = u - 191. Determine v(y).
27
Let g(y) = -y**2 - 13*y + 8. Let u(n) = -n**2 - 24*n - 13. Let t = 539 + -563. Let p be u(t). Determine g(p).
8
Suppose -3*p + 0*p + 24 = 0. Let a(j) = 0*j - j + 3 - 3*j + j**2. Let h(u) = 3*u**2 - 11*u + 8. Let s(c) = p*a(c) - 3*h(c). Calculate s(-1).
-2
Suppose -4*j + 20 = 0, 4*p - 22 = 5*j - 99. Let w(v) = -v**2 - 9*v + 60. What is w(p)?
8
Let l(u) = -u**3 - 1. Let v(q) = 5*q**3 + 3*q**2 - 4*q + 5. Let p(z) = -3*l(z) - v(z). Suppose 28*o - 55 = 21 - 20. What is p(o)?
-22
Let u(y) be the first derivative of -7*y**4/4 + y**3/3 - y**2/2 + y + 33. Let k(a) = a**3 - 7*a**2 - 21*a + 28. Let h be k(9). Calculate u(h).
-6
Let a(i) = -i**2 + 18. Suppose 55*h + 264 = 51*h. Let n = -57 - h. Suppose 3*f - 5*g - 15 = 4*f, -3*g = 4*f + n. What is a(f)?
18
Let m(y) = -y**2 + 7*y + 13. Let q be (-36)/6 - 99/1. Let n be (-959)/q - (-10)/(-75). Give m(n).
-5
Let i(p) = 2*p**3 - 20*p**2 - 32*p - 7. Suppose 0 = 141*a - 60*a - 21*a - 660. Calculate i(a).
-117
Let g = -61 - -335. Let h = g + -274. Let z(k) = -k**3 - 3. What is z(h)?
-3
Let m(g) = 3*g - 1. Let s be (-8)/6*4/((-16)/114). Let k = s - 37. Let t(i) = -i + 3. Let b be t(k). What is m(b)?
5
Let m(o) = o + 4. Let x = -290 + 298. Suppose -f - 14 = 5*t, 2*t - 3*f + x = -f. Give m(t).
1
Let f(b) = -4*b**2 + 8*b - 23. Let s(n) = 9*n**2 - 16*n + 62. Let i(c) = 7*f(c) + 3*s(c). What is i(11)?
-8
Suppose 3*x - 3*s = -15, 606*x + 4*s = 602*x - 20. Let c(h) = h**3 + 6*h**2 + 25*h + 106. What is c(x)?
6
Let u(v) = 2*v**2 + 3*v + 2. Let w(y) = -7*y**2 - 2*y - 13. Let k(t) = -4*u(t) - w(t). What is k(-8)?
21
Let d(i) = -4*i - 13. Let w(a) = -a - 3. Let p(j) = -4*d(j) + 18*w(j). Let f(z) = z**3 - 38*z**2 + 218*z - 32. Let l be f(31). Give p(l).
0
Let m(q) = -q**2 - 9*q - 8. Let d be m(-8). Let o(t) = 16 + 63*t**2 + t - 64*t**2 - 7 + 0*t. What is o(d)?
9
Let n(j) = -j**3 + 5*j**2 - 1. Suppose -3*t + 2*f + 435 = 0, 10*t - 5*t - 5*f - 720 = 0. Suppose t*v = 144*v + 15. Give n(v).
-1
Let t be 0 + (1 - 14)/(-26). Let g(y) be the second derivative of 0 - 2/3*y**3 + y - t*y**2 + 1/12*y**4. What is g(5)?
4
Let s(o) be the second derivative of -o**5/20 - 7*o**4/12 - o**3/2 + 5*o**2 - o + 24. Determine s(-6).
-8
Let u(l) = l + 2 - l**2 + 73*l**3 + 67*l**3 - 142*l**3. Let p(j) = -5*j**3 + j + 3. Let k(y) = 3*p(y) - 7*u(y). Let x be 4 - -1*(3 - 1). Give k(x).
7
Suppose 6 = 3*k - 6. Let c(t) = 124*t**2 - 2*t + 6. Let r(x) = 331*x**2 - 5*x + 17. Let f(j) = 8*c(j) - 3*r(j). Determine f(k).
-23
Suppose -3*q + 6 = -12. Suppose 9*p - 18 = q*p. Let v(x) be the first derivative of 3*x**2/2 - 9*x - 33. Calculate v(p).
9
Let s(m) = 16 + 8 + 8 - 42 + 12 + 4*m. Let g(f) = -2 - 5 - 1 + f. Let p be g(5). What is s(p)?
-10
Let i(r) = 3*r - 12. Suppose 6 = -2*x + z, 0 = 2*x - 5*z + 4 + 10. Let t(l) = -2*l + 3. Let c be t(x). What is i(c)?
9
Let u(g) = -4*g - 9. Suppose -4*v - 200 = -b, -4*v - 157 = b + 51. Let r be 4/(-6) + 272/v. Give u(r).
15
Let h(a) = -5*a - 4 + 6*a - 2*a - 3*a. Suppose -5*v + 3*j + 16 = 0, -248*v + 251*v = 2*j + 10. Calculate h(v).
-12
Let d = 24 - 18. Suppose -3*v = 2*v, 0 = -3*w - 2*v + d. Let g(f) = 24*f**3 + 549*f**w - 549*f**2 - f. Determine g(1).
23
Suppose 444*x + 10 = 435*x - 125. Let t(i) = i**3 + 15*i**2 + 9*i + 21. Give t(x).
-114
Let o(r) = 47*r**2 - 8 + 44*r**3 - 43*r**3 + 11*r - 57*r**2. Calculate o(9).
10
Let u(t) = 20*t**3 + 24*t**2 + 4*t - 48. Let c(p) = 9*p**3 + 12*p**2 + p - 24. Let s(y) = 11*c(y) - 5*u(y). What is s(11)?
-2
Let h(x) = -2*x - 10. Let b be 34/51*(4 - (0 + 1)). Suppose -2*c + 5*q - 7 = 0, 8*c - 7*c - 3*q + b = 0. Determine h(c).
12
Let n be 196/9 + (-4)/(-18). Let q = 30 - n. Let w(f) = -2*f + 0*f**2 - q*f + 0*f + f**2 + 11. Calculate w(9).
2
Suppose 1029*j = 1044*j + 315. Let x(b) = -b**2 - 23*b - 39. Determine x(j).
3
Let a = -4590 - -4584. Let m(g) = g**3 + 8*g**2 + 14*g + 19. What is m(a)?
7
Let q(w) be the second derivative of -w**7/840 + w**6/45 + w**5/15 + w**4/3 - 57*w**3/2 + 5*w + 11. Let x(l) be the second derivative of q(l). Give x(9).
-1
Suppose -3*f = 2 - 26. Suppose 6*s + 22 = -f. Let n(t) = t**3 + 2*t**2 - 2*t. Let x(r) = 3*r**3 + 7*r**2 - 5*r + 1. Let i(v) = -8*n(v) + 3*x(v). Determine i(s).
-2
Let h(a) = 11*a**3 - 7*a**2 - 2*a - 9. Let y(z) = -1. Let i(g) = h(g) - 2*y(g). Let n(u) = 7*u**3 - 5*u**2 - u - 4. Let t(c) = -5*i(c) + 8*n(c). Calculate t(3).
-9
Suppose -1 = -2*c - 3*d + 6, -7 = -c - 5*d. Let r be (0/((0 - -4)/(-4)))/1. Suppose 4*w + 5 = l - w, r = -c*w - 2. Let t(y) = y - 4. Give t(l).
-4
Let c = -245 + 247. Let f(j) = 1 + 5 - 5 + 2*j**2 + 0*j**c. Determine f(2).
9
Let g = -145 - -342. Suppose 3*x = 52 + g. Let i(a) = -41 - 42 + x - a. Give i(-6).
6
Let w(a) be the third derivative of a**6/24 - a**4/8 + a**3/6 + 389*a**2. Calculate w(2).
35
Let u = -326 - -359. Let t(h) = h - 15*h**2 - 9*h - 16*h**2 + u*h**2. Give t(4).
0
Let a(c) = -c**2 + 4*c - 2. Let x(n) = -n + 1. Let w(j) = a(j) - x(j). Let h be -2 + 2 - (-519 - 29). Suppose 5*y - h = -523. Calculate w(y).
-3
Let w(n) = 57*n - 222. Suppose 27 = -4*f - 8*l + 91, -3*l + 14 = -f. Calculate w(f).
6
Suppose 16*s + 31 = -17. Let j(o) = 2*o**3 + 4*o**2 + 7*o + 3. Let b(z) = -3*z**3 - 6*z**2 - 10*z - 5. Let r(g) = -5*b(g) - 7*j(g). Calculate r(s).
-8
Suppose 335